at is the greatest common factor of m and q?
57
Let a be 5/(3 + -8)*-413. Suppose 13*z = -a + 1349. What is the greatest common factor of 24 and z?
24
Suppose -756 = -7*k - 12*k + 15*k. Suppose -3*i = r - 144, -3*r - i + 678 = 2*r. What is the highest common factor of r and k?
27
Suppose 49*r - 95188 + 32468 = 0. Calculate the greatest common factor of r and 1760.
160
Let d(p) = p**3 - 2*p + 4410. Let w be d(0). Calculate the greatest common divisor of w and 90.
90
Let b(n) = -132*n + 131. Let a be b(-6). Calculate the highest common factor of 355 and a.
71
Let m be 448/48 + 3 + 7/(-3). Suppose 642 = 2*n - 58. Calculate the greatest common divisor of m and n.
10
Suppose 6*r - 20*r + 50995 = 33*r. Calculate the highest common factor of 35 and r.
35
Let a = -123 + 514. Let u = a - 365. Suppose 101 = q - z, -q + 3*q = -z + 211. What is the greatest common factor of u and q?
26
Suppose -x - 2*x + 63 = 0. Suppose 3*g + 13 = d, 3*g + 1 = -d - 4. Suppose 3*h = s - 21, d*h + 0*h = -3*s + 63. What is the highest common divisor of s and x?
21
Let u(t) = -t**3 + 15*t**2 + 28*t - 17. Suppose 3*m = 4*m - 16. Let z be u(m). What is the highest common divisor of 25 and z?
25
Let q be 1 - ((3 - 1) + -321). Let n = 57782 + -57742. Calculate the greatest common factor of n and q.
40
Let n(t) = -25*t - 2360. Let f be n(-110). Calculate the highest common factor of f and 180.
30
Let l = -3 - -3. Let i(v) = v + 13. Let o be i(l). Let t = 2732 + -2589. What is the greatest common factor of o and t?
13
Suppose -3*l - 13 - 42 = 5*g, 3*g + 65 = -5*l. Let w be (l/16)/(5/(-40)). What is the highest common divisor of 65 and w?
5
Let y = -6931 - -6971. What is the greatest common divisor of y and 1216?
8
Suppose -2*u = 5*u - 1155. Suppose -s = -u - 335. What is the highest common factor of 20 and s?
20
Suppose 3*k + 2*k - 527 = -2*p, -524 = -2*p - 4*k. Let j be 20 - 6*(-4 + 42/9). Calculate the highest common factor of p and j.
16
Suppose 468*b + 7375 = 473*b + 2*r, -5*b = 4*r - 7375. Calculate the greatest common divisor of b and 50.
25
Suppose -4697 + 27 = -157*o + 1924. What is the greatest common factor of o and 224?
14
Let k(y) = -y**2 + 9*y + 11. Let x be k(9). Suppose 27 = -5*l - 203. Let s = -24 - l. Calculate the highest common divisor of x and s.
11
Let j = 159 - 143. Suppose 0 = -h + j + 7. What is the greatest common factor of h and 69?
23
Suppose -45*f + 4*f = 82. Let d be f/((-240)/(-126) + -4 - -2). What is the greatest common divisor of d and 336?
21
Suppose 0 = -4*y + 624 - 512. Suppose -2*r + y = 4*l, -6*l + 11*l + 55 = 2*r. Let t = 88 - -72. What is the greatest common divisor of t and r?
20
Suppose 0*s = -7*s - 14. Let o be (5 + 39/(-9))*(-9)/s. Suppose -o*p + 268 = -50. Calculate the highest common divisor of p and 53.
53
Suppose -23*l + 13770 = 4*l. Calculate the highest common divisor of l and 13515.
255
Suppose 31*v - 153 - 67 = 183. Let s = 513 + -188. What is the highest common factor of v and s?
13
Suppose -3*g + 3*y - 15 = -7*g, 2*g - y = 5. Suppose 4*o + 117 = 5*m, -9 = -0*o + g*o. Calculate the highest common divisor of m and 28.
7
Let g(u) = u**3 + 3*u**2 - 7*u + 3. Let h be g(2). Calculate the highest common factor of 97 and h.
1
Let n = -48562 + 48573. Suppose -2*x + 711 = l + 4*l, -5*l = -5*x - 725. What is the highest common divisor of l and n?
11
Let q = -14748 - -14775. What is the highest common divisor of 1125 and q?
9
Let i(h) = 20*h**2 - 16*h + 12. Let b be i(6). What is the highest common divisor of 156 and b?
12
Let s be ((-12)/(-15))/((-2)/1055). Let u = 558 + s. Calculate the greatest common factor of 8 and u.
8
Let d(h) = 59 - 2*h + h - 25. Let j be 28 - -1*(-3 - 0). Let y be d(j). What is the highest common divisor of 63 and y?
9
Let l be 2*(-14)/20*(-3)/((-42)/(-70)). Let g = -69 + 328. What is the highest common divisor of l and g?
7
Suppose -2*g + 104 = 4*m - 0*g, 0 = 5*m - 3*g - 119. Suppose 225*y - 157*y = -307*y + 159375. Calculate the highest common divisor of m and y.
25
Suppose 0 = -11*w + 88, 0 = -g - 2*w + 571 + 1110. Calculate the greatest common divisor of g and 360.
45
Suppose -8*x - 283 = -80 - 987. What is the highest common factor of x and 1050?
14
Let i be (-55)/33 + ((-300)/(-18) - 7). Suppose 0 = -0*j - j + 16. What is the greatest common divisor of i and j?
8
Let m be (-23 + 50)*(1 + (-50)/(-6)). Suppose -3*k - 4*d = -d - m, -4*k + 3*d = -322. Calculate the highest common factor of k and 205.
41
Let y be 2/6 + (-6148)/(-6) + -5. Suppose 5*s + 576 = 4*i - y, -3*s - 1197 = -3*i. What is the greatest common divisor of i and 42?
21
Suppose -4*a - 3*o + 204 = -529, -5*a = -5*o - 960. What is the greatest common factor of 11 and a?
11
Let h = -10034 - -11098. Calculate the highest common factor of h and 4104.
152
Let r be (7 - 488/56)*(-1694)/4. Let n = -534 + r. Calculate the greatest common divisor of 12 and n.
12
Let h = -26654 + 29598. Calculate the greatest common factor of h and 92.
92
Let a = -210 - -219. Suppose -a*t = 15*t - 312. What is the highest common factor of t and 91?
13
Let d = -40 - -42. Let y be (9/(-1))/((3 - 4)*1). Suppose l = -2*p + 4, 3*l = 5*p + 14 + y. What is the highest common factor of d and l?
2
Let d(n) = -n**2 + 142*n + 9237. Let w be d(190). Let c be -1*-13*(-2)/(-2). Calculate the greatest common factor of w and c.
13
Let u be (16296/(-56))/(((-21)/70)/((-10)/(-4))). What is the greatest common factor of u and 5?
5
Let i be (-20)/(5 - 0) - (3 - 1). Let t be (-105)/i - 1/(-2) - 2. What is the highest common factor of 144 and t?
16
Suppose -630*c = -600*c - 9000. What is the greatest common factor of c and 345?
15
Let a = -21 + 25. Suppose 3*q = -h - a, 4*h - 2 - 15 = -q. Suppose -3*f = n - 12, -4*f + h*n + 32 = n. Calculate the highest common divisor of f and 15.
5
Suppose 312*j - 342 = 303*j. Suppose -j = 4*u - 5*m - 268, -122 = -2*u - m. Let a be (-273)/(-3) - 1 - 0. Calculate the highest common factor of a and u.
30
Let u be 721*(16 - 660/42). What is the highest common divisor of u and 11639?
103
Suppose -394*s - 82*s = -18564. Suppose 0 = -c + 532 - 25. Calculate the highest common factor of s and c.
39
Let b be 46242/(-84)*4/(-6). Let m = b - 344. Calculate the greatest common divisor of 713 and m.
23
Let y(m) = m**3 + 10*m**2 - 23*m + 19. Let g be y(-12). Let u be (6/4)/(27/(-36)). Let t be u*2/3*-21. What is the greatest common divisor of t and g?
7
Let m(v) be the first derivative of -23*v**2/2 - 29*v + 85. Let y be m(-8). What is the highest common factor of y and 5?
5
Let d(s) = 53*s - 64. Let f(k) = 211*k - 254. Let g(w) = -22*d(w) + 6*f(w). Let j be g(5). What is the highest common factor of j and 3?
3
Let v(y) = -17*y**3 + 3*y**2 - 4*y + 2. Let g be v(1). Let f be ((-28)/g)/((-5)/(-500)). Calculate the greatest common divisor of f and 100.
25
Suppose 15*n = 19*n + 3*y - 1540, 4*n - y - 1540 = 0. Let o = -354 + n. Calculate the highest common factor of 279 and o.
31
Suppose -2*n - 32 = -42. Let t(g) = g**3 - 6*g**2 + 7*g - 7. Let d be t(n). Suppose a - d*a = -22. What is the highest common factor of a and 55?
11
Let v = 26799 - 24740. What is the highest common factor of 116 and v?
29
Suppose 48*f = -186 + 1626. What is the highest common divisor of f and 3710?
10
Let n = 8544 + -8427. Calculate the greatest common factor of n and 52.
13
Let m(y) = -2*y**2 + 19*y - 40. Let l be m(4). Suppose -l*v + 1091 = p + 384, 3*v + 4*p = 540. Calculate the greatest common factor of 11 and v.
11
Suppose 5*j - 3*d - 36 = 0, 15*j = 18*j + 3*d - 36. Calculate the greatest common factor of j and 225.
9
Suppose 0 = 182*t + 66*t - 26288. What is the highest common divisor of 14522 and t?
106
Suppose 2*j = -3*k + 11 - 1, j + 6 = 4*k. Suppose j*f - 48 = -18. What is the highest common divisor of f and 25?
5
Let v be 7/((-35)/6)*-5. Let g be -1 + v + 2 + -4. Suppose -16 = -g*s - 2*f, -5*s + 8*f - 3*f = -35. What is the greatest common factor of s and 15?
3
Suppose 9*c = 10*c + 3. Let b(w) = -3*w**3 - 3*w**2 + 5*w + 10. Let a be b(c). Calculate the greatest common factor of 14 and a.
7
Let a(q) = 54*q**2 - 31*q**2 - 26*q**2 + 10 + 20*q. Let c be a(7). What is the greatest common divisor of c and 63?
3
Let c be 101 + -107 + 27 + -1. Calculate the highest common divisor of 4330 and c.
